 divided by 399.
94
What is the remainder when 83560 is divided by 5570?
10
What is the remainder when 3542 is divided by 584?
38
Calculate the remainder when 63042 is divided by 31473.
96
What is the remainder when 6061 is divided by 2002?
55
What is the remainder when 2439 is divided by 145?
119
What is the remainder when 9267 is divided by 1523?
129
What is the remainder when 57274 is divided by 37?
35
What is the remainder when 8541 is divided by 4264?
13
What is the remainder when 19365 is divided by 366?
333
What is the remainder when 2748576 is divided by 1060?
1056
What is the remainder when 6759 is divided by 333?
99
What is the remainder when 955 is divided by 45?
10
What is the remainder when 20667 is divided by 380?
147
Calculate the remainder when 118331 is divided by 19.
18
What is the remainder when 3541 is divided by 30?
1
Calculate the remainder when 5791 is divided by 1153.
26
What is the remainder when 1000 is divided by 860?
140
What is the remainder when 898101 is divided by 8?
5
What is the remainder when 444559 is divided by 148181?
16
What is the remainder when 2305 is divided by 710?
175
Calculate the remainder when 5453 is divided by 297.
107
What is the remainder when 13319 is divided by 632?
47
What is the remainder when 1529 is divided by 152?
9
What is the remainder when 1780 is divided by 72?
52
Calculate the remainder when 35534 is divided by 826.
16
What is the remainder when 388545 is divided by 18?
15
Calculate the remainder when 44119 is divided by 2595.
4
What is the remainder when 20766 is divided by 562?
534
Calculate the remainder when 171 is divided by 25.
21
Calculate the remainder when 6555 is divided by 273.
3
What is the remainder when 58154 is divided by 2325?
29
What is the remainder when 71295 is divided by 31?
26
Calculate the remainder when 182004 is divided by 21.
18
What is the remainder when 367 is divided by 34?
27
Calculate the remainder when 1094 is divided by 90.
14
Calculate the remainder when 2213 is divided by 324.
269
Calculate the remainder when 3729 is divided by 73.
6
Calculate the remainder when 88520 is divided by 6.
2
What is the remainder when 28716 is divided by 28714?
2
What is the remainder when 210694 is divided by 274?
262
Calculate the remainder when 10145 is divided by 10005.
140
What is the remainder when 789744 is divided by 263245?
9
Calculate the remainder when 37690 is divided by 1076.
30
What is the remainder when 16543 is divided by 592?
559
Calculate the remainder when 10726 is divided by 5357.
12
What is the remainder when 92186 is divided by 105?
101
Calculate the remainder when 17718 is divided by 21.
15
What is the remainder when 31132 is divided by 163?
162
What is the remainder when 4146 is divided by 159?
12
Calculate the remainder when 2112 is divided by 92.
88
Calculate the remainder when 7333 is divided by 210.
193
What is the remainder when 63161 is divided by 198?
197
Calculate the remainder when 4621 is divided by 1249.
874
What is the remainder when 401 is divided by 34?
27
Calculate the remainder when 58315 is divided by 58289.
26
What is the remainder when 681 is divided by 57?
54
Calculate the remainder when 81976 is divided by 81973.
3
Calculate the remainder when 2997 is divided by 992.
21
Calculate the remainder when 41312 is divided by 1087.
6
What is the remainder when 855 is divided by 95?
0
What is the remainder when 32244 is divided by 5372?
12
What is the remainder when 11176 is divided by 69?
67
What is the remainder when 433625 is divided by 63?
59
Calculate the remainder when 37661 is divided by 94.
61
What is the remainder when 7719 is divided by 61?
33
Calculate the remainder when 40300 is divided by 8042.
90
What is the remainder when 11269 is divided by 663?
661
What is the remainder when 6720 is divided by 118?
112
What is the remainder when 21001 is divided by 19?
6
Calculate the remainder when 72636 is divided by 643.
620
Calculate the remainder when 1674 is divided by 1362.
312
What is the remainder when 17414 is divided by 17386?
28
What is the remainder when 17078 is divided by 8533?
12
What is the remainder when 83852 is divided by 1471?
5
Calculate the remainder when 7723 is divided by 3852.
19
What is the remainder when 115648 is divided by 450?
448
What is the remainder when 117417 is divided by 67?
33
Calculate the remainder when 328074 is divided by 2103.
6
What is the remainder when 1490510 is divided by 63?
56
Calculate the remainder when 1106825 is divided by 722.
721
Calculate the remainder when 9948 is divided by 54.
12
What is the remainder when 7591 is divided by 149?
141
What is the remainder when 25920 is divided by 8637?
9
Calculate the remainder when 33336 is divided by 79.
77
Calculate the remainder when 273646 is divided by 65.
61
Calculate the remainder when 583284 is divided by 194398.
90
What is the remainder when 43613 is divided by 47?
44
Calculate the remainder when 49695 is divided by 994.
989
Calculate the remainder when 1464 is divided by 258.
174
What is the remainder when 20162 is divided by 3352?
50
What is the remainder when 5327 is divided by 726?
245
What is the remainder when 57441 is divided by 154?
153
Calculate the remainder when 12484 is divided by 113.
54
Calculate the remainder when 6218 is divided by 672.
170
What is the remainder when 65817 is divided by 7311?
18
What is the remainder when 5505 is divided by 34?
31
What is the remainder when 3138539 is divided by 578?
577
Calculate the remainder when 22190 is divided by 1594.
1468
What is the remainder when 51361 is divided by 3945?
76
Calculate the remainder when 26445 is divided by 37.
27
Calculate the remainder when 228 is divided by 33.
30
Calculate the remainder when 9460 is divided by 499.
478
What is the remainder when 7673 is divided by 192?
185
Calculate the remainder when 4125 is divided by 272.
45
What is the remainder when 2968 is divided by 22?
20
What is the remainder when 720499 is divided by 20?
19
What is the remainder when 60448 is divided by 78?
76
What is the remainder when 4408 is divided by 2177?
54
Calculate the remainder when 37472 is divided by 77.
50
Calculate the remainder when 19364 is divided by 3848.
124
What is the remainder when 175527 is divided by 128?
39
What is the remainder when 22111 is divided by 402?
1
Calculate the remainder when 3473 is divided by 180.
53
What is the remainder when 230 is divided by 94?
42
What is the remainder when 400782 is divided by 35?
32
What is the remainder when 7545 is divided by 1075?
20
What is the remainder when 99974 is divided by 33319?
17
What is the remainder when 1258 is divided by 306?
34
Calculate the remainder when 560635 is divided by 876.
871
Calculate the remainder when 4015 is divided by 711.
460
Calculate the remainder when 28164 is divided by 131.
130
Calculate the remainder when 2827 is divided by 1428.
1399
What is the remainder when 21128 is divided by 7039?
11
Calculate the remainder when 694 is divided by 169.
18
What is the remainder when 103860 is divided by 103850?
10
What is the remainder when 1055 is divided by 433?
189
What is the remainder when 1655 is divided by 936?
719
What is the remainder when 7838 is divided by 662?
556
What is the remainder when 3321 is divided by 823?
29
Calculate the remainder when 280403 is divided by 832.
19
What is the remainder when 1407 is divided by 145?
102
What is the remainder when 227872 is divided by 179?
5
Calculate the remainder when 11364 is divided by 10219.
1145
Calculate the remainder when 2731 is divided by 1462.
1269
What is the remainder when 4252 is divided by 386?
6
Calculate the remainder when 929 is divided by 84.
5
What is the remainder when 2254 is divided by 8?
6
What is the remainder when 1029783 is divided by 177?
174
What is the remainder when 2640984 is divided by 33?
27
Calculate the remainder when 116681 is divided by 45.
41
Calculate the remainder when 57035 is divided by 96.
11
Calculate the remainder when 886 is divided by 19.
12
Calculate the remainder when 375 is divided by 310.
65
Calculate the remainder when 138204 is divided by 9213.
9
What is the remainder when 88334 is divided by 29439?
17
Calculate the remainder when 37599 is divided by 3130.
39
Calculate the rem